{"id":5723,"date":"2019-10-24T19:22:25","date_gmt":"2019-10-24T17:22:25","guid":{"rendered":"http:\/\/www.emiliocervantes.com\/juan-garces\/"},"modified":"2020-02-29T16:10:08","modified_gmt":"2020-02-29T15:10:08","slug":"juan-garces","status":"publish","type":"page","link":"https:\/\/www.emiliocervantes.com\/en\/juan-garces\/","title":{"rendered":"Juan Garc\u00e9s"},"content":{"rendered":"<section class=\"wpb-content-wrapper\"><p>[vc_row full_width=&#8221;stretch_row&#8221; content_placement=&#8221;middle&#8221; css=&#8221;.vc_custom_1571933084525{padding-top: 20px !important;padding-bottom: 20px !important;background-color: #333333 !important;}&#8221;][vc_column width=&#8221;1\/2&#8243;][vc_column_text]<\/p>\n<h1 style=\"color: white !important;font-size: 2.5em !important;margin-bottom: 25px\">Juan Garc\u00e9s<br \/>\n<small>(Pontevedra 1935 &#8211; Madrid 2014)<\/small><\/h1>\n<p style=\"color: #898989 !important;font-size: 18px !important\">Born in Mar\u00edn, he lived in Madrid since 1969. He travelled in Europe, Northern Africa, Brazil, the Caribbean, Hawaii, and both coasts in the United States. He lived in Equatorial Africa, Philadelphia and New Jersey. From 1970 he devoted himself fully to painting, developing his creations in his private studio and exhibiting in a range of spaces and locations.<\/p>\n<p style=\"color: #898989 !important;font-size: 18px !important\">His work has been displayed in multiple occasions in Madrid in the Kreisler Gallery(1986,1989) with an opening from the art critic Campoy; in Valencia, Bilbao, Palma de Mallorca, C\u00f3rdoba, Barcelona, Zaragoza, Pontevedra, Oviedo, Gij\u00f3n, El Ferrol, C\u00e1diz Vigo, Santander, Le\u00f3n, Alicante. Outside of Spain he has exhibited multiple times in Japan (Tokyo and Shizouka), Mexico, Venezuela, Dominican Republic and the United States (Philadelphia and New New York).<\/p>\n<p style=\"color: #898989 !important;font-size: 18px !important\">He was a founding member of the group Tago (Palma de Mallorca), a speaker in the Royal Order with a Merit Medal for the Fine Arts, finalist in the National Exhibition for the Fine Arts, and National Award for Military Painting. He&#8217;s part of the Free Academy of the Arts and Literature of San Ant\u00f3n. Camilo Jos\u00e9 Cela sponsored his first exhibition in Palma de Mallorca.<\/p>\n<p style=\"color: #898989 !important;font-size: 18px !important\">Some of his work currently sits in the Spanish Museum for Contemporary Art of Madrid, Museum of Contemporary Art of Barcelona, Fine Arts Museum of Granada, Cam\u00f3n Aznar Museum in Arag\u00f3n, Naval Museum in Madrid, Zarzuela Palace, Duke Great Palace in Luxemburg, Ministry of Defense, Headquarters of the Navy, Headquarters of the Army, Koninklijk Instituut in Holland, National Court in Madrid, as well as private collections both national and international.<\/p>\n<p style=\"color: #898989 !important;font-size: 18px !important\">He was given awards such as the Medal of Merit for the Fine Arts, and sizable bibliography from critics like Jos\u00e9 Cam\u00f3n Aznar, A.M. Campoy, Francisco de Pablos, Carlos Senti Esteve, Ant\u00f3n Correa, Victoriano Cremer, Jos\u00e9 Garc\u00eda Nieto, Rafael Romero Moliner\u2026<\/p>\n<p>[\/vc_column_text][\/vc_column][vc_column width=&#8221;1\/2&#8243;][vc_single_image image=&#8221;6546&#8243; img_size=&#8221;large&#8221; css=&#8221;.vc_custom_1571937615762{margin-bottom: 5px !important;}&#8221;][vc_column_text]<\/p>\n<p style=\"font-size: 13px !important;color: #7e7e7e !important;text-align: left !important\">Photo from the website <a href=\"http:\/\/www.amsterdamsur.nl\/12Ca%C3%B1avate.html\" target=\"_blank\" rel=\"noopener noreferrer\">Amsterdam Sur<\/a><\/p>\n<p>[\/vc_column_text][\/vc_column][\/vc_row][vc_row][vc_column][lab_portfolio_items category_filter=&#8221;no&#8221; columns=&#8221;4&#8243; dynamic_image_height=&#8221;yes&#8221; pagination_type=&#8221;endless&#8221; endless_auto_reveal=&#8221;yes&#8221; portfolio_query=&#8221;size:all|order_by:date|post_type:portfolio|tax_query:62&#8243; css=&#8221;.vc_custom_1572288592885{margin-top: 45px !important;}&#8221;][\/vc_column][\/vc_row]<\/p>\n<\/section>","protected":false},"excerpt":{"rendered":"<p>[vc_row full_width=&#8221;stretch_row&#8221; content_placement=&#8221;middle&#8221; css=&#8221;.vc_custom_1571933084525{padding-top: 20px !important;padding-bottom: 20px !important;background-color: #333333 !important;}&#8221;][vc_column width=&#8221;1\/2&#8243;][vc_column_text] Juan Garc\u00e9s (Pontevedra 1935 &#8211; Madrid 2014) Born in Mar\u00edn, he lived in Madrid since 1969. He travelled in Europe, Northern Africa, Brazil, the Caribbean, Hawaii, and both coasts in the United States. He lived in Equatorial Africa, Philadelphia and New Jersey. From 1970&hellip;<\/p>\n","protected":false},"author":1,"featured_media":0,"parent":0,"menu_order":0,"comment_status":"closed","ping_status":"closed","template":"","meta":{"_acf_changed":false,"_monsterinsights_skip_tracking":false,"_monsterinsights_sitenote_active":false,"_monsterinsights_sitenote_note":"","_monsterinsights_sitenote_category":0,"footnotes":""},"class_list":["post-5723","page","type-page","status-publish","hentry"],"acf":[],"yoast_head":"<!-- This site is optimized with the Yoast SEO plugin v27.1.1 - https:\/\/yoast.com\/product\/yoast-seo-wordpress\/ -->\n<title>Juan Garc\u00e9s &#8212; Emilio Cervantes<\/title>\n<meta name=\"robots\" content=\"index, follow, max-snippet:-1, max-image-preview:large, max-video-preview:-1\" \/>\n<link rel=\"canonical\" href=\"https:\/\/www.emiliocervantes.com\/en\/juan-garces\/\" \/>\n<meta property=\"og:locale\" content=\"en_US\" \/>\n<meta property=\"og:type\" content=\"article\" \/>\n<meta property=\"og:title\" content=\"Juan Garc\u00e9s &#8212; Emilio Cervantes\" \/>\n<meta property=\"og:description\" content=\"[vc_row full_width=&#8221;stretch_row&#8221; content_placement=&#8221;middle&#8221; css=&#8221;.vc_custom_1571933084525{padding-top: 20px !important;padding-bottom: 20px !important;background-color: #333333 !important;}&#8221;][vc_column width=&#8221;1\/2&#8243;][vc_column_text] Juan Garc\u00e9s (Pontevedra 1935 &#8211; Madrid 2014) Born in Mar\u00edn, he lived in Madrid since 1969. He travelled in Europe, Northern Africa, Brazil, the Caribbean, Hawaii, and both coasts in the United States. He lived in Equatorial Africa, Philadelphia and New Jersey. From 1970&hellip;\" \/>\n<meta property=\"og:url\" content=\"https:\/\/www.emiliocervantes.com\/en\/juan-garces\/\" \/>\n<meta property=\"og:site_name\" content=\"Emilio Cervantes\" \/>\n<meta property=\"article:modified_time\" content=\"2020-02-29T15:10:08+00:00\" \/>\n<meta name=\"twitter:card\" content=\"summary_large_image\" \/>\n<meta name=\"twitter:label1\" content=\"Est. reading time\" \/>\n\t<meta name=\"twitter:data1\" content=\"2 minutes\" \/>\n<script type=\"application\/ld+json\" class=\"yoast-schema-graph\">{\"@context\":\"https:\/\/schema.org\",\"@graph\":[{\"@type\":\"WebPage\",\"@id\":\"https:\/\/www.emiliocervantes.com\/en\/juan-garces\/\",\"url\":\"https:\/\/www.emiliocervantes.com\/en\/juan-garces\/\",\"name\":\"Juan Garc\u00e9s &#8212; Emilio Cervantes\",\"isPartOf\":{\"@id\":\"https:\/\/www.emiliocervantes.com\/en\/#website\"},\"datePublished\":\"2019-10-24T17:22:25+00:00\",\"dateModified\":\"2020-02-29T15:10:08+00:00\",\"breadcrumb\":{\"@id\":\"https:\/\/www.emiliocervantes.com\/en\/juan-garces\/#breadcrumb\"},\"inLanguage\":\"en-US\",\"potentialAction\":[{\"@type\":\"ReadAction\",\"target\":[\"https:\/\/www.emiliocervantes.com\/en\/juan-garces\/\"]}]},{\"@type\":\"BreadcrumbList\",\"@id\":\"https:\/\/www.emiliocervantes.com\/en\/juan-garces\/#breadcrumb\",\"itemListElement\":[{\"@type\":\"ListItem\",\"position\":1,\"name\":\"Home\",\"item\":\"https:\/\/www.emiliocervantes.com\/en\/\"},{\"@type\":\"ListItem\",\"position\":2,\"name\":\"Juan Garc\u00e9s\"}]},{\"@type\":\"WebSite\",\"@id\":\"https:\/\/www.emiliocervantes.com\/en\/#website\",\"url\":\"https:\/\/www.emiliocervantes.com\/en\/\",\"name\":\"Emilio Cervantes\",\"description\":\"Spanish painting collection of 20th century\",\"publisher\":{\"@id\":\"https:\/\/www.emiliocervantes.com\/en\/#organization\"},\"potentialAction\":[{\"@type\":\"SearchAction\",\"target\":{\"@type\":\"EntryPoint\",\"urlTemplate\":\"https:\/\/www.emiliocervantes.com\/en\/?s={search_term_string}\"},\"query-input\":{\"@type\":\"PropertyValueSpecification\",\"valueRequired\":true,\"valueName\":\"search_term_string\"}}],\"inLanguage\":\"en-US\"},{\"@type\":\"Organization\",\"@id\":\"https:\/\/www.emiliocervantes.com\/en\/#organization\",\"name\":\"Emilio Cervantes\",\"url\":\"https:\/\/www.emiliocervantes.com\/en\/\",\"logo\":{\"@type\":\"ImageObject\",\"inLanguage\":\"en-US\",\"@id\":\"https:\/\/www.emiliocervantes.com\/en\/#\/schema\/logo\/image\/\",\"url\":\"https:\/\/www.emiliocervantes.com\/wp-content\/uploads\/2019\/10\/favicon-2.png\",\"contentUrl\":\"https:\/\/www.emiliocervantes.com\/wp-content\/uploads\/2019\/10\/favicon-2.png\",\"width\":512,\"height\":512,\"caption\":\"Emilio Cervantes\"},\"image\":{\"@id\":\"https:\/\/www.emiliocervantes.com\/en\/#\/schema\/logo\/image\/\"}}]}<\/script>\n<!-- \/ Yoast SEO plugin. -->","yoast_head_json":{"title":"Juan Garc\u00e9s &#8212; Emilio Cervantes","robots":{"index":"index","follow":"follow","max-snippet":"max-snippet:-1","max-image-preview":"max-image-preview:large","max-video-preview":"max-video-preview:-1"},"canonical":"https:\/\/www.emiliocervantes.com\/en\/juan-garces\/","og_locale":"en_US","og_type":"article","og_title":"Juan Garc\u00e9s &#8212; Emilio Cervantes","og_description":"[vc_row full_width=&#8221;stretch_row&#8221; content_placement=&#8221;middle&#8221; css=&#8221;.vc_custom_1571933084525{padding-top: 20px !important;padding-bottom: 20px !important;background-color: #333333 !important;}&#8221;][vc_column width=&#8221;1\/2&#8243;][vc_column_text] Juan Garc\u00e9s (Pontevedra 1935 &#8211; Madrid 2014) Born in Mar\u00edn, he lived in Madrid since 1969. He travelled in Europe, Northern Africa, Brazil, the Caribbean, Hawaii, and both coasts in the United States. He lived in Equatorial Africa, Philadelphia and New Jersey. From 1970&hellip;","og_url":"https:\/\/www.emiliocervantes.com\/en\/juan-garces\/","og_site_name":"Emilio Cervantes","article_modified_time":"2020-02-29T15:10:08+00:00","twitter_card":"summary_large_image","twitter_misc":{"Est. reading time":"2 minutes"},"schema":{"@context":"https:\/\/schema.org","@graph":[{"@type":"WebPage","@id":"https:\/\/www.emiliocervantes.com\/en\/juan-garces\/","url":"https:\/\/www.emiliocervantes.com\/en\/juan-garces\/","name":"Juan Garc\u00e9s &#8212; Emilio Cervantes","isPartOf":{"@id":"https:\/\/www.emiliocervantes.com\/en\/#website"},"datePublished":"2019-10-24T17:22:25+00:00","dateModified":"2020-02-29T15:10:08+00:00","breadcrumb":{"@id":"https:\/\/www.emiliocervantes.com\/en\/juan-garces\/#breadcrumb"},"inLanguage":"en-US","potentialAction":[{"@type":"ReadAction","target":["https:\/\/www.emiliocervantes.com\/en\/juan-garces\/"]}]},{"@type":"BreadcrumbList","@id":"https:\/\/www.emiliocervantes.com\/en\/juan-garces\/#breadcrumb","itemListElement":[{"@type":"ListItem","position":1,"name":"Home","item":"https:\/\/www.emiliocervantes.com\/en\/"},{"@type":"ListItem","position":2,"name":"Juan Garc\u00e9s"}]},{"@type":"WebSite","@id":"https:\/\/www.emiliocervantes.com\/en\/#website","url":"https:\/\/www.emiliocervantes.com\/en\/","name":"Emilio Cervantes","description":"Spanish painting collection of 20th century","publisher":{"@id":"https:\/\/www.emiliocervantes.com\/en\/#organization"},"potentialAction":[{"@type":"SearchAction","target":{"@type":"EntryPoint","urlTemplate":"https:\/\/www.emiliocervantes.com\/en\/?s={search_term_string}"},"query-input":{"@type":"PropertyValueSpecification","valueRequired":true,"valueName":"search_term_string"}}],"inLanguage":"en-US"},{"@type":"Organization","@id":"https:\/\/www.emiliocervantes.com\/en\/#organization","name":"Emilio Cervantes","url":"https:\/\/www.emiliocervantes.com\/en\/","logo":{"@type":"ImageObject","inLanguage":"en-US","@id":"https:\/\/www.emiliocervantes.com\/en\/#\/schema\/logo\/image\/","url":"https:\/\/www.emiliocervantes.com\/wp-content\/uploads\/2019\/10\/favicon-2.png","contentUrl":"https:\/\/www.emiliocervantes.com\/wp-content\/uploads\/2019\/10\/favicon-2.png","width":512,"height":512,"caption":"Emilio Cervantes"},"image":{"@id":"https:\/\/www.emiliocervantes.com\/en\/#\/schema\/logo\/image\/"}}]}},"_links":{"self":[{"href":"https:\/\/www.emiliocervantes.com\/en\/wp-json\/wp\/v2\/pages\/5723","targetHints":{"allow":["GET"]}}],"collection":[{"href":"https:\/\/www.emiliocervantes.com\/en\/wp-json\/wp\/v2\/pages"}],"about":[{"href":"https:\/\/www.emiliocervantes.com\/en\/wp-json\/wp\/v2\/types\/page"}],"author":[{"embeddable":true,"href":"https:\/\/www.emiliocervantes.com\/en\/wp-json\/wp\/v2\/users\/1"}],"replies":[{"embeddable":true,"href":"https:\/\/www.emiliocervantes.com\/en\/wp-json\/wp\/v2\/comments?post=5723"}],"version-history":[{"count":11,"href":"https:\/\/www.emiliocervantes.com\/en\/wp-json\/wp\/v2\/pages\/5723\/revisions"}],"predecessor-version":[{"id":7137,"href":"https:\/\/www.emiliocervantes.com\/en\/wp-json\/wp\/v2\/pages\/5723\/revisions\/7137"}],"wp:attachment":[{"href":"https:\/\/www.emiliocervantes.com\/en\/wp-json\/wp\/v2\/media?parent=5723"}],"curies":[{"name":"wp","href":"https:\/\/api.w.org\/{rel}","templated":true}]}}

Juan Garcés

<section class="wpb-content-wrapper"><p>[vc_row full_width=&#8221;stretch_row&#8221; content_placement=&#8221;middle&#8221; css=&#8221;.vc_custom_1571933084525{padding-top: 20px !important;padding-bottom: 20px !important;background-color: #333333 !important;}&#8221;][vc_column width=&#8221;1/2&#8243;][vc_column_text]</p>
<h1 style="color: white !important;font-size: 2.5em !important;margin-bottom: 25px">Juan Garcés<br />
<small>(Pontevedra 1935 &#8211; Madrid 2014)</small></h1>
<p style="color: #898989 !important;font-size: 18px !important">Born in Marín, he lived in Madrid since 1969. He travelled in Europe, Northern Africa, Brazil, the Caribbean, Hawaii, and both coasts in the United States. He lived in Equatorial Africa, Philadelphia and New Jersey. From 1970 he devoted himself fully to painting, developing his creations in his private studio and exhibiting in a range of spaces and locations.</p>
<p style="color: #898989 !important;font-size: 18px !important">His work has been displayed in multiple occasions in Madrid in the Kreisler Gallery(1986,1989) with an opening from the art critic Campoy; in Valencia, Bilbao, Palma de Mallorca, Córdoba, Barcelona, Zaragoza, Pontevedra, Oviedo, Gijón, El Ferrol, Cádiz Vigo, Santander, León, Alicante. Outside of Spain he has exhibited multiple times in Japan (Tokyo and Shizouka), Mexico, Venezuela, Dominican Republic and the United States (Philadelphia and New New York).</p>
<p style="color: #898989 !important;font-size: 18px !important">He was a founding member of the group Tago (Palma de Mallorca), a speaker in the Royal Order with a Merit Medal for the Fine Arts, finalist in the National Exhibition for the Fine Arts, and National Award for Military Painting. He&#8217;s part of the Free Academy of the Arts and Literature of San Antón. Camilo José Cela sponsored his first exhibition in Palma de Mallorca.</p>
<p style="color: #898989 !important;font-size: 18px !important">Some of his work currently sits in the Spanish Museum for Contemporary Art of Madrid, Museum of Contemporary Art of Barcelona, Fine Arts Museum of Granada, Camón Aznar Museum in Aragón, Naval Museum in Madrid, Zarzuela Palace, Duke Great Palace in Luxemburg, Ministry of Defense, Headquarters of the Navy, Headquarters of the Army, Koninklijk Instituut in Holland, National Court in Madrid, as well as private collections both national and international.</p>
<p style="color: #898989 !important;font-size: 18px !important">He was given awards such as the Medal of Merit for the Fine Arts, and sizable bibliography from critics like José Camón Aznar, A.M. Campoy, Francisco de Pablos, Carlos Senti Esteve, Antón Correa, Victoriano Cremer, José García Nieto, Rafael Romero Moliner…</p>
<p>[/vc_column_text][/vc_column][vc_column width=&#8221;1/2&#8243;][vc_single_image image=&#8221;6546&#8243; img_size=&#8221;large&#8221; css=&#8221;.vc_custom_1571937615762{margin-bottom: 5px !important;}&#8221;][vc_column_text]</p>
<p style="font-size: 13px !important;color: #7e7e7e !important;text-align: left !important">Photo from the website <a href="http://www.amsterdamsur.nl/12Ca%C3%B1avate.html" target="_blank" rel="noopener noreferrer">Amsterdam Sur</a></p>
<p>[/vc_column_text][/vc_column][/vc_row][vc_row][vc_column][lab_portfolio_items category_filter=&#8221;no&#8221; columns=&#8221;4&#8243; dynamic_image_height=&#8221;yes&#8221; pagination_type=&#8221;endless&#8221; endless_auto_reveal=&#8221;yes&#8221; portfolio_query=&#8221;size:all|order_by:date|post_type:portfolio|tax_query:62&#8243; css=&#8221;.vc_custom_1572288592885{margin-top: 45px !important;}&#8221;][/vc_column][/vc_row]</p>
</section>

<p>[vc_row full_width=&#8221;stretch_row&#8221; content_placement=&#8221;middle&#8221; css=&#8221;.vc_custom_1571933084525{padding-top: 20px !important;padding-bottom: 20px !important;background-color: #333333 !important;}&#8221;][vc_column width=&#8221;1/2&#8243;][vc_column_text] Juan Garcés (Pontevedra 1935 &#8211; Madrid 2014) Born in Marín, he lived in Madrid since 1969. He travelled in Europe, Northern Africa, Brazil, the Caribbean, Hawaii, and both coasts in the United States. He lived in Equatorial Africa, Philadelphia and New Jersey. From 1970&hellip;</p>

<!-- This site is optimized with the Yoast SEO plugin v27.1.1 - https://yoast.com/product/yoast-seo-wordpress/ -->
<title>Juan Garcés &#8212; Emilio Cervantes</title>
<meta name="robots" content="index, follow, max-snippet:-1, max-image-preview:large, max-video-preview:-1" />
<link rel="canonical" href="https://www.emiliocervantes.com/en/juan-garces/" />
<meta property="og:locale" content="en_US" />
<meta property="og:type" content="article" />
<meta property="og:title" content="Juan Garcés &#8212; Emilio Cervantes" />
<meta property="og:description" content="[vc_row full_width=&#8221;stretch_row&#8221; content_placement=&#8221;middle&#8221; css=&#8221;.vc_custom_1571933084525{padding-top: 20px !important;padding-bottom: 20px !important;background-color: #333333 !important;}&#8221;][vc_column width=&#8221;1/2&#8243;][vc_column_text] Juan Garcés (Pontevedra 1935 &#8211; Madrid 2014) Born in Marín, he lived in Madrid since 1969. He travelled in Europe, Northern Africa, Brazil, the Caribbean, Hawaii, and both coasts in the United States. He lived in Equatorial Africa, Philadelphia and New Jersey. From 1970&hellip;" />
<meta property="og:url" content="https://www.emiliocervantes.com/en/juan-garces/" />
<meta property="og:site_name" content="Emilio Cervantes" />
<meta property="article:modified_time" content="2020-02-29T15:10:08+00:00" />
<meta name="twitter:card" content="summary_large_image" />
<meta name="twitter:label1" content="Est. reading time" />
	<meta name="twitter:data1" content="2 minutes" />
<script type="application/ld+json" class="yoast-schema-graph">{"@context":"https://schema.org","@graph":[{"@type":"WebPage","@id":"https://www.emiliocervantes.com/en/juan-garces/","url":"https://www.emiliocervantes.com/en/juan-garces/","name":"Juan Garcés &#8212; Emilio Cervantes","isPartOf":{"@id":"https://www.emiliocervantes.com/en/#website"},"datePublished":"2019-10-24T17:22:25+00:00","dateModified":"2020-02-29T15:10:08+00:00","breadcrumb":{"@id":"https://www.emiliocervantes.com/en/juan-garces/#breadcrumb"},"inLanguage":"en-US","potentialAction":[{"@type":"ReadAction","target":["https://www.emiliocervantes.com/en/juan-garces/"]}]},{"@type":"BreadcrumbList","@id":"https://www.emiliocervantes.com/en/juan-garces/#breadcrumb","itemListElement":[{"@type":"ListItem","position":1,"name":"Home","item":"https://www.emiliocervantes.com/en/"},{"@type":"ListItem","position":2,"name":"Juan Garcés"}]},{"@type":"WebSite","@id":"https://www.emiliocervantes.com/en/#website","url":"https://www.emiliocervantes.com/en/","name":"Emilio Cervantes","description":"Spanish painting collection of 20th century","publisher":{"@id":"https://www.emiliocervantes.com/en/#organization"},"potentialAction":[{"@type":"SearchAction","target":{"@type":"EntryPoint","urlTemplate":"https://www.emiliocervantes.com/en/?s={search_term_string}"},"query-input":{"@type":"PropertyValueSpecification","valueRequired":true,"valueName":"search_term_string"}}],"inLanguage":"en-US"},{"@type":"Organization","@id":"https://www.emiliocervantes.com/en/#organization","name":"Emilio Cervantes","url":"https://www.emiliocervantes.com/en/","logo":{"@type":"ImageObject","inLanguage":"en-US","@id":"https://www.emiliocervantes.com/en/#/schema/logo/image/","url":"https://www.emiliocervantes.com/wp-content/uploads/2019/10/favicon-2.png","contentUrl":"https://www.emiliocervantes.com/wp-content/uploads/2019/10/favicon-2.png","width":512,"height":512,"caption":"Emilio Cervantes"},"image":{"@id":"https://www.emiliocervantes.com/en/#/schema/logo/image/"}}]}</script>
<!-- / Yoast SEO plugin. -->

Juan Garcés &#8212; Emilio Cervantes

[vc_row full_width=&#8221;stretch_row&#8221; content_placement=&#8221;middle&#8221; css=&#8221;.vc_custom_1571933084525{padding-top: 20px !important;padding-bottom: 20px !important;background-color: #333333 !important;}&#8221;][vc_column width=&#8221;1/2&#8243;][vc_column_text] Juan Garcés (Pontevedra 1935 &#8211; Madrid 2014) Born in Marín, he lived in Madrid since 1969. He travelled in Europe, Northern Africa, Brazil, the Caribbean, Hawaii, and both coasts in the United States. He lived in Equatorial Africa, Philadelphia and New Jersey. From 1970&hellip;
